ine f(-3).
-16
Let c(k) = 2*k**3 + k - 14. What is c(0)?
-14
Let a(h) = -43*h + 903. Determine a(21).
0
Let h(s) = -s**2 - 9*s + 9. What is h(-7)?
23
Let b(r) = r - 5. What is b(8)?
3
Let d(s) = -s**3 - s**2 - 8*s - 5. Give d(0).
-5
Let j(w) = w**3 + 19*w**2 + 19*w - 10. Give j(-18).
-28
Let z(l) = -l**3 - 7*l**2 + 2*l + 15. Determine z(-7).
1
Let a(x) = 41*x**3 + 2*x**2 - 3*x + 2. Calculate a(1).
42
Let r(o) = -o - 26. Give r(-11).
-15
Let d(m) = -m**2 - m - 1. Calculate d(4).
-21
Let z(y) = -2*y - 16. Calculate z(-6).
-4
Let l(c) = -3*c - 45. Give l(-13).
-6
Let x(f) = -20*f + 114. Determine x(6).
-6
Let v(q) = -q - 1. Determine v(12).
-13
Let z(p) = 28*p**2 - 8*p + 3. What is z(1)?
23
Let m(g) = -g**3 + 4*g**2 + 14*g - 10. Calculate m(6).
2
Let x(f) = f**3 + 11*f**2 + 14*f - 38. Determine x(-9).
-2
Let t(m) = 12*m - 340. What is t(29)?
8
Let k(t) = -4*t - 20. Determine k(-6).
4
Let k(l) = l**3 + 13*l**2 + 14*l + 30. What is k(-12)?
6
Let o(c) = -c**2 + 24*c + 29. What is o(15)?
164
Let a(y) = y**2 - 8*y + 20. Give a(5).
5
Let b(f) = -f**3 + 20*f**2 - 17*f - 43. Calculate b(19).
-5
Let p(u) = u**3 - 9*u**2 + 16*u - 18. What is p(7)?
-4
Let u(y) = -y**3 - 7*y**2 - 2*y. Determine u(-7).
14
Let v(y) = -y - 21. Determine v(-20).
-1
Let g(o) = -o**2 + 16*o - 27. Determine g(13).
12
Let g(x) = x**3 + 9*x**2 + 5*x - 19. Determine g(-8).
5
Let l(z) = -z**2 + 2*z - 6. Calculate l(2).
-6
Let i(m) = -m**3 - 7*m**2 + 11*m + 15. Determine i(-8).
-9
Let d(z) = z**2 + z - 10. Give d(3).
2
Let b(q) = -q**3 - 5*q**2 - 10*q - 3. What is b(-4)?
21
Let q(g) = 2*g**3 - 6*g**2 - 7*g + 43. Calculate q(4).
47
Let v(m) = -m**3 - 14*m**2 + m - 7. Give v(-14).
-21
Let a(s) = s**3 + 11*s**2. Give a(-11).
0
Let f(s) = s**3 - 6*s**2 + 6*s - 11. What is f(5)?
-6
Let n(u) = u**2 - 23*u + 14. Determine n(23).
14
Let w(l) = 67*l + 204. Give w(-3).
3
Let u(o) = 6*o**3 + o**2 - 3*o + 3. What is u(2)?
49
Let z(n) = 5*n**2 - 8*n + 8. What is z(1)?
5
Let n(h) = -h**2 + 8*h - 5. Give n(8).
-5
Let q(j) = -j**2 - 5*j - 6. Give q(5).
-56
Let g(l) = -l**3 - 13*l**2 - 12*l. Determine g(-12).
0
Let x(c) = 66*c**3 + c**2 - 5*c + 4. What is x(1)?
66
Let t(b) = 10*b + 1. Determine t(1).
11
Let j(a) = a**2 - 7*a. Calculate j(7).
0
Let u(s) = -2*s**2 + 39*s + 109. Calculate u(22).
-1
Let n(i) = -2*i**2 - 9*i + 5. What is n(-6)?
-13
Let c(s) = s**2 - s - 10. Give c(-4).
10
Let m(t) = -4*t - 104. Calculate m(-19).
-28
Let l(z) = -z**3 + 13*z**2 - 15*z + 18. What is l(11)?
95
Let x(i) = -17*i + 133. Calculate x(8).
-3
Let z(u) = -3*u - 82. Calculate z(-27).
-1
Let k(p) = -3*p**2 + 19*p + 15. Calculate k(7).
1
Let u(l) = -40*l + 26. Calculate u(1).
-14
Let k(d) = d**3 + 12*d**2 + 6*d + 7. Calculate k(-12).
-65
Let o(y) = -y**3 - 12*y**2 - 17*y - 63. Calculate o(-11).
3
Let v(n) = -n**2 - 15*n - 23. What is v(-13)?
3
Let n(l) = l**3 + 2*l**2 - 12. Give n(0).
-12
Let c(o) = -2*o**3 + 3*o**2 - 1. Determine c(-3).
80
Let j(h) = h**2 + 11*h - 6. Give j(-13).
20
Let p(h) = -h**3 + 5*h**2 + 34. Calculate p(7).
-64
Let g(p) = p**3 + 9*p**2 - 3*p + 1. Give g(-10).
-69
Let j(o) = -o**2 + o - 5. What is j(0)?
-5
Let u(t) = -t**3 - t**2 + 4*t + 3. What is u(-4)?
35
Let o(h) = -h**2 + 4*h - 8. Give o(4).
-8
Let x(i) = i**2 - 4*i - 8. Give x(-2).
4
Let i(q) = -65*q + 392. Give i(6).
2
Let z(b) = 20*b**2 + 4*b - 3. Calculate z(1).
21
Let o(w) = w**2 + 8*w + 11. Determine o(-8).
11
Let m(g) = -g**2 - 20*g - 11. Give m(-14).
73
Let g(p) = 4*p**2 - 23*p - 7. Calculate g(6).
-1
Let u(x) = x**2 + 37*x - 86. Give u(-39).
-8
Let w(s) = -s**2 - 34*s - 276. Give w(-21).
-3
Let d(o) = -6*o**3 - 2*o**2 - o. Give d(-2).
42
Let g(t) = t**3 - 29*t**2 + 26*t + 35. What is g(28)?
-21
Let m(g) = 2*g - 45. Determine m(16).
-13
Let z(s) = 5*s. Give z(-7).
-35
Let h(b) = b + 8. Give h(-4).
4
Let l(g) = -41*g + 117. Determine l(3).
-6
Let y(f) = -f**3 - 2*f**2 - 3*f - 5. What is y(-3)?
13
Let x(f) = 4*f - 1. Calculate x(3).
11
Let b(c) = c**2 - 9*c - 6. Determine b(9).
-6
Let b(i) = -i**2 - 21*i - 43. What is b(-19)?
-5
Let s(y) = 4*y + 15. What is s(4)?
31
Let m(d) = -10*d + 2. Give m(0).
2
Let p(b) = -35*b**3 + b**2 + 3*b + 2. Give p(-1).
35
Let s(a) = -a**2 + 10*a - 31. Give s(8).
-15
Let h(l) = -2*l**2 - 2*l + 1. What is h(-3)?
-11
Let z(l) = l**3 - 10*l**2 + 5*l + 2. Calculate z(10).
52
Let a(p) = -p**2 + p - 5. Determine a(4).
-17
Let z(g) = -g**3 + 5*g**2 - 5*g + 15. Give z(5).
-10
Let l(s) = -s**2. What is l(-1)?
-1
Let s(a) = 30*a**2. Determine s(-1).
30
Let k(p) = -2*p**3 - 60*p**2 + 3*p + 76. Calculate k(-30).
-14
Let b(l) = 34*l - 521. What is b(16)?
23
Let r(j) = 6*j**2 + 3*j - 1. Calculate r(3).
62
Let k(a) = a**3 + 5*a**2 + 2*a - 1. Give k(-3).
11
Let z(w) = 4*w**3 + 61*w**2 + 15*w + 1. Give z(-15).
1
Let i(o) = -o**3 + 17*o**2 + 10. Calculate i(17).
10
Let n(r) = 4*r**2 - 3*r + 2. Calculate n(3).
29
Let x(b) = -b**3 - 13*b**2 - 33*b - 25. Calculate x(-10).
5
Let q(p) = -14*p + 45. Calculate q(7).
-53
Let i(l) = 3*l + 10. Calculate i(-27).
-71
Let z(l) = -2*l + 2. Determine z(1).
0
Let s(l) = 3*l**2 - 9*l - 6. Give s(4).
6
Let q(v) = -2*v + 3. Determine q(-3).
9
Let m(w) = -2*w**3 - 19*w**2 + 7*w - 9. Give m(-10).
21
Let t(y) = 4*y + 3. Calculate t(-1).
-1
Let d(r) = -35*r + 14. What is d(1)?
-21
Let p(l) = 14*l**2 + 1. What is p(-1)?
15
Let b(u) = 3*u**2 + 19*u + 5. Calculate b(-9).
77
Let t(j) = 5*j**2 + 123*j - 178. Give t(-26).
4
Let j(z) = 15*z + 2. Calculate j(-2).
-28
Let j(o) = -o**3 - 9*o**2 + 3*o - 22. What is j(-10)?
48
Let h(d) = -6*d - 269. Determine h(-45).
1
Let c(o) = -12*o**3 + 2*o**2 - 3*o + 2. Determine c(1).
-11
Let j(t) = -t + 45. What is j(8)?
37
Let o(i) = 26*i - 23. What is o(2)?
29
Let i(g) = g + 7. What is i(-6)?
1
Let t(b) = -b**2 - 18*b - 46. What is t(-18)?
-46
Let a(k) = k**3 - 4*k**2 - 2*k + 7. Give a(4).
-1
Let p(z) = 43*z**2 + 4*z - 4. Determine p(1).
43
Let y(n) = 3*n + 27. Give y(-10).
-3
Let j(k) = k**3 - 13*k**2 + 16*k - 3. What is j(12)?
45
Let a(g) = -4*g**2 + 4*g + 4. Determine a(-2).
-20
Let n(a) = 15*a - 156. Give n(10).
-6
Let g(h) = 2*h**3 + h**2 + h - 39. Calculate g(0).
-39
Let x(o) = -o**2 + 9*o + 27. Calculate x(12).
-9
Let t(p) = 9*p - 37. What is t(5)?
8
Let u(r) = r**3 + 3*r**2 + 2*r + 4. Give u(-3).
-2
Let u(b) = -b**3 - 38*b**2 + 31*b - 310. Give u(-39).
2
Let n(c) = 31*c. Determine n(1).
31
Let v(t) = -19*t - 32. Give v(-4).
44
Let j(f) = f**3 + 25*f**2 + 32*f + 51. Determine j(-24).
-141
Let a(b) = -33*b + 184. What is a(6)?
-14
Let y(l) = -l**2 + 13. Give y(-5).
-12
Let d(j) = -j**3 + 2*j**2 - j + 1. What is d(3)?
-11
Let y(o) = o**2 + 12*o - 15. Give y(-14).
13
Let s(k) = -7*k - 4. Determine s(-2).
10
Let i(a) = a**3 + a**2 - 10. Calculate i(0).
-10
Let m(n) = n - 20. What is m(8)?
-12
Let c(l) = 6*l + 167. What is c(-28)?
-1
Let g(h) = -h**3 - 4*h**2 + 5*h - 6. Calculate g(-6).
36
Let t(c) = -18*c**2 - c. Calculate t(1).
-19
Let t(d) = 2*d - 7. Give t(5).
3
Let c(o) = o - 2. Determine c(9).
7
Let t(y) = 8*y + 37. Give t(12).
133
Let x(f) = -2*f**2 + 7*f + 22. Determine x(5).
7
Let q(x) = -x**2 + 8*x - 9. Calculate q(7).
-2
Let y(a) = a**3 + 2*a**2 + 4*a + 1. Give y(-3).
-20
Let q(y) = -3*y**2 + 12*y - 31. What is q(6)?
-67
Let d(j) = j**2 - 8*j + 24. Calculate d(8).
24
Let s(x) = x**2 - 3*x - 4. Determine s(7).
24
Let w(a) = a**2 - 2*a - 36. What is w(9)?
27
Let r(n) = -6*n + 2. Calculate r(3).
-16
Let i(a) = a**3 + 3*a**2 - a - 4. Give i(-4).
-16
Let g(n) = -n**2 + 25*n + 29. Determine g(26).
3
Let w(i) = -i**3 - 4*i**2 + 10*i - 3. Determine w(-6).
9
Let t(l) = 2*l - 13. Give t(11).
9
Let y(h) = 3*h + 3. Calculate y(8).
27
Let h(f) = f**3 - 25*f**2 + 24*f - 16. What is h(24)?
-16
Let p(j) = 6*j**2 - 12*j + 4. Calculate p(2).
4
Let o(z) = -6*z**2 + 66*z - 18. Give o(11).
-18
Let l(v) = 2*v - 4. Calculate l(-3).
-10
Let q(v) = v - 8. What is q(9)?
1
Let g(l) = l**3 - 17*l**2 - 5*l + 74. Give g(17).
-11
Let t(h) = 2*h + 14. Give t(-6).
2
Let a(m) = -m**3 - 14*m**2 - 6*m - 15. What is a(-14)?
69
Let x(k) = k + 8. Give x(10).
18
Let k(r) = r**2 + 7*r + 7. What is k(-6)?
1
Let t(y) = y**3 - 2*y**2 + 3*y - 2. Give t(2).
4
Let p(f) = 18*f**2 - 7*f. Determine p(2).
58
Let s(k) = k**3 - 9*k**2 - 2*k + 50. Give s(9).
32
Let r(q) = q + 31. Calculate r(-16).
15
Let 